{"id":5874,"date":"2022-08-17T16:08:50","date_gmt":"2022-08-17T16:08:50","guid":{"rendered":"https:\/\/dhermez.com\/dhermez2025\/producto\/silla-preescolar-tubo-triplay\/"},"modified":"2022-10-18T22:27:19","modified_gmt":"2022-10-18T22:27:19","slug":"silla-preescolar-tubo-triplay","status":"publish","type":"product","link":"https:\/\/dhermez.com\/dhermez2025\/producto\/silla-preescolar-tubo-triplay\/","title":{"rendered":"Silla preescolar\/tubo-triplay"},"content":{"rendered":"","protected":false},"excerpt":{"rendered":"<p><b>Medidas: <\/b><b>Altura del piso al respaldo 52cm, Altura del piso al asiento 33cm, Ancho total 32cm, Fondo total 35cm, Asiento 28X30cm y Respaldo 30X15cm.<\/b><\/p>\n<p><b>Nombre: Mesa preescolar\/tubo-triplay <\/b><\/p>\n<p><b>Medidas: 50x80x60cm<\/b><\/p>\n<p><b>Descripci\u00f3n: Mesa con cubierta en triplay, estructura tubular terminada en pintura electrost\u00e1tica color negro. Silla con respaldo y asiento en triplay de primera calidad de 16mm, sujeci\u00f3n de respaldo y asiento con remaches ala ancha tipo pop. Constan de regatones.<\/b><\/p>\n","protected":false},"featured_media":5873,"template":"","meta":{"site-sidebar-layout":"default","site-content-layout":"default","ast-site-content-layout":"","site-content-style":"default","site-sidebar-style":"default","ast-global-header-display":"","ast-banner-title-visibility":"","ast-main-header-display":"","ast-hfb-above-header-display":"","ast-hfb-below-header-display":"","ast-hfb-mobile-header-display":"","site-post-title":"","ast-breadcrumbs-content":"","ast-featured-img":"","footer-sml-layout":"","theme-transparent-header-meta":"default","adv-header-id-meta":"","stick-header-meta":"","header-above-stick-meta":"","header-main-stick-meta":"","header-below-stick-meta":"","astra-migrate-meta-layouts":"","_joinchat":[]},"product_brand":[],"product_cat":[70],"product_tag":[],"class_list":{"0":"post-5874","1":"product","2":"type-product","3":"status-publish","4":"has-post-thumbnail","6":"product_cat-preescolar","7":"desktop-align-left","8":"tablet-align-left","9":"mobile-align-left","11":"first","12":"instock","13":"shipping-taxable","14":"product-type-simple"},"_links":{"self":[{"href":"https:\/\/dhermez.com\/dhermez2025\/wp-json\/wp\/v2\/product\/5874","targetHints":{"allow":["GET"]}}],"collection":[{"href":"https:\/\/dhermez.com\/dhermez2025\/wp-json\/wp\/v2\/product"}],"about":[{"href":"https:\/\/dhermez.com\/dhermez2025\/wp-json\/wp\/v2\/types\/product"}],"wp:featuredmedia":[{"embeddable":true,"href":"https:\/\/dhermez.com\/dhermez2025\/wp-json\/wp\/v2\/media\/5873"}],"wp:attachment":[{"href":"https:\/\/dhermez.com\/dhermez2025\/wp-json\/wp\/v2\/media?parent=5874"}],"wp:term":[{"taxonomy":"product_brand","embeddable":true,"href":"https:\/\/dhermez.com\/dhermez2025\/wp-json\/wp\/v2\/product_brand?post=5874"},{"taxonomy":"product_cat","embeddable":true,"href":"https:\/\/dhermez.com\/dhermez2025\/wp-json\/wp\/v2\/product_cat?post=5874"},{"taxonomy":"product_tag","embeddable":true,"href":"https:\/\/dhermez.com\/dhermez2025\/wp-json\/wp\/v2\/product_tag?post=5874"}],"curies":[{"name":"wp","href":"https:\/\/api.w.org\/{rel}","templated":true}]}}