{"id":5543,"date":"2022-08-17T16:07:42","date_gmt":"2022-08-17T16:07:42","guid":{"rendered":"https:\/\/dhermez.com\/dhermez2025\/producto\/sillon-retro-re-1755\/"},"modified":"2022-08-17T16:07:42","modified_gmt":"2022-08-17T16:07:42","slug":"sillon-retro-re-1755","status":"publish","type":"product","link":"https:\/\/dhermez.com\/dhermez2025\/producto\/sillon-retro-re-1755\/","title":{"rendered":"Sill\u00f3n Retro  RE- 1755"},"content":{"rendered":"","protected":false},"excerpt":{"rendered":"<p><b>Medidas: frente 56cm, profundidad 61cm, altura 92cm<\/b><\/p>\n<p><b>Colores: negro, caf\u00e9 y blanco <\/b><\/p>\n<p><b>Material: <\/b><b>ecoleather<\/b><\/p>\n<p><b>Descripci\u00f3n: Asiento y respaldo en una sola pieza con dise\u00f1o ergon\u00f3mico tapizado en <\/b><b>ecoleather<\/b><b>. Descansabrazos fijos de aluminio. Base en forma de trineo en acero tubular cromado. Opci\u00f3n en sill\u00f3n ejecutivo, <\/b><b>semi-ejecutivo<\/b><b>.<\/b><\/p>\n","protected":false},"featured_media":5542,"template":"","meta":{"site-sidebar-layout":"default","site-content-layout":"","ast-site-content-layout":"","site-content-style":"default","site-sidebar-style":"default","ast-global-header-display":"","ast-banner-title-visibility":"","ast-main-header-display":"","ast-hfb-above-header-display":"","ast-hfb-below-header-display":"","ast-hfb-mobile-header-display":"","site-post-title":"","ast-breadcrumbs-content":"","ast-featured-img":"","footer-sml-layout":"","theme-transparent-header-meta":"","adv-header-id-meta":"","stick-header-meta":"","header-above-stick-meta":"","header-main-stick-meta":"","header-below-stick-meta":"","astra-migrate-meta-layouts":"","_joinchat":[]},"product_brand":[],"product_cat":[39],"product_tag":[],"class_list":{"0":"post-5543","1":"product","2":"type-product","3":"status-publish","4":"has-post-thumbnail","6":"product_cat-sillas-de-visita","7":"desktop-align-left","8":"tablet-align-left","9":"mobile-align-left","11":"first","12":"instock","13":"shipping-taxable","14":"product-type-simple"},"_links":{"self":[{"href":"https:\/\/dhermez.com\/dhermez2025\/wp-json\/wp\/v2\/product\/5543","targetHints":{"allow":["GET"]}}],"collection":[{"href":"https:\/\/dhermez.com\/dhermez2025\/wp-json\/wp\/v2\/product"}],"about":[{"href":"https:\/\/dhermez.com\/dhermez2025\/wp-json\/wp\/v2\/types\/product"}],"wp:featuredmedia":[{"embeddable":true,"href":"https:\/\/dhermez.com\/dhermez2025\/wp-json\/wp\/v2\/media\/5542"}],"wp:attachment":[{"href":"https:\/\/dhermez.com\/dhermez2025\/wp-json\/wp\/v2\/media?parent=5543"}],"wp:term":[{"taxonomy":"product_brand","embeddable":true,"href":"https:\/\/dhermez.com\/dhermez2025\/wp-json\/wp\/v2\/product_brand?post=5543"},{"taxonomy":"product_cat","embeddable":true,"href":"https:\/\/dhermez.com\/dhermez2025\/wp-json\/wp\/v2\/product_cat?post=5543"},{"taxonomy":"product_tag","embeddable":true,"href":"https:\/\/dhermez.com\/dhermez2025\/wp-json\/wp\/v2\/product_tag?post=5543"}],"curies":[{"name":"wp","href":"https:\/\/api.w.org\/{rel}","templated":true}]}}