{"id":5519,"date":"2022-08-17T16:07:39","date_gmt":"2022-08-17T16:07:39","guid":{"rendered":"https:\/\/dhermez.com\/dhermez2025\/producto\/silla-prochair-ohs-43\/"},"modified":"2022-08-17T16:07:39","modified_gmt":"2022-08-17T16:07:39","slug":"silla-prochair-ohs-43","status":"publish","type":"product","link":"https:\/\/dhermez.com\/dhermez2025\/producto\/silla-prochair-ohs-43\/","title":{"rendered":"Silla Prochair OHS-43"},"content":{"rendered":"","protected":false},"excerpt":{"rendered":"<p><b>Medidas: frente 50cm, profundidad 44cm, altura 124cm<\/b><\/p>\n<p><b>Colores: a elegir de nuestro cat\u00e1logo<\/b><\/p>\n<p><b>Material: tela o vinil<\/b><\/p>\n<p><b>Descripci\u00f3n: Silla cajera tapizada en vinil o tela, color a elegir, descansa brazos opcional. Base de 5 puntas en nylon reforzado, con y\/o regatones, elevaci\u00f3n por medio de pist\u00f3n neum\u00e1tico. Descansa pies en nylon, opci\u00f3n con terminado en cromo.<\/b><\/p>\n","protected":false},"featured_media":5518,"template":"","meta":{"site-sidebar-layout":"default","site-content-layout":"","ast-site-content-layout":"","site-content-style":"default","site-sidebar-style":"default","ast-global-header-display":"","ast-banner-title-visibility":"","ast-main-header-display":"","ast-hfb-above-header-display":"","ast-hfb-below-header-display":"","ast-hfb-mobile-header-display":"","site-post-title":"","ast-breadcrumbs-content":"","ast-featured-img":"","footer-sml-layout":"","theme-transparent-header-meta":"","adv-header-id-meta":"","stick-header-meta":"","header-above-stick-meta":"","header-main-stick-meta":"","header-below-stick-meta":"","astra-migrate-meta-layouts":"","_joinchat":[]},"product_brand":[],"product_cat":[38],"product_tag":[],"class_list":{"0":"post-5519","1":"product","2":"type-product","3":"status-publish","4":"has-post-thumbnail","6":"product_cat-sillas-cajeras","7":"desktop-align-left","8":"tablet-align-left","9":"mobile-align-left","11":"first","12":"instock","13":"shipping-taxable","14":"product-type-simple"},"_links":{"self":[{"href":"https:\/\/dhermez.com\/dhermez2025\/wp-json\/wp\/v2\/product\/5519","targetHints":{"allow":["GET"]}}],"collection":[{"href":"https:\/\/dhermez.com\/dhermez2025\/wp-json\/wp\/v2\/product"}],"about":[{"href":"https:\/\/dhermez.com\/dhermez2025\/wp-json\/wp\/v2\/types\/product"}],"wp:featuredmedia":[{"embeddable":true,"href":"https:\/\/dhermez.com\/dhermez2025\/wp-json\/wp\/v2\/media\/5518"}],"wp:attachment":[{"href":"https:\/\/dhermez.com\/dhermez2025\/wp-json\/wp\/v2\/media?parent=5519"}],"wp:term":[{"taxonomy":"product_brand","embeddable":true,"href":"https:\/\/dhermez.com\/dhermez2025\/wp-json\/wp\/v2\/product_brand?post=5519"},{"taxonomy":"product_cat","embeddable":true,"href":"https:\/\/dhermez.com\/dhermez2025\/wp-json\/wp\/v2\/product_cat?post=5519"},{"taxonomy":"product_tag","embeddable":true,"href":"https:\/\/dhermez.com\/dhermez2025\/wp-json\/wp\/v2\/product_tag?post=5519"}],"curies":[{"name":"wp","href":"https:\/\/api.w.org\/{rel}","templated":true}]}}